alculate the remainder when 89011 is divided by 3000.
2011
Calculate the remainder when 882292319 is divided by 504.
503
Calculate the remainder when 168788 is divided by 53307.
8867
What is the remainder when 1198411223 is divided by 3509?
3507
Calculate the remainder when 10475086 is divided by 5237436.
214
Calculate the remainder when 31776 is divided by 299.
82
Calculate the remainder when 20079120 is divided by 13395.
15
Calculate the remainder when 159260 is divided by 2088.
572
Calculate the remainder when 1503859 is divided by 187972.
83
What is the remainder when 8817517 is divided by 19?
16
Calculate the remainder when 70732 is divided by 23502.
226
What is the remainder when 146456 is divided by 201?
128
Calculate the remainder when 6754007 is divided by 293652.
11
What is the remainder when 191197 is divided by 373?
221
Calculate the remainder when 17301974 is divided by 77.
74
What is the remainder when 735037 is divided by 367484?
69
Calculate the remainder when 135531 is divided by 22232.
2139
Calculate the remainder when 25038856 is divided by 579.
1
What is the remainder when 811097 is divided by 405506?
85
Calculate the remainder when 772351 is divided by 772320.
31
What is the remainder when 6370323 is divided by 424688?
3
What is the remainder when 62721 is divided by 3459?
459
What is the remainder when 183710 is divided by 118?
102
What is the remainder when 96524709 is divided by 10?
9
Calculate the remainder when 777069 is divided by 6117.
210
Calculate the remainder when 43931578 is divided by 14643856.
10
What is the remainder when 33145726 is divided by 177?
175
What is the remainder when 26998799 is divided by 68?
11
Calculate the remainder when 1468882 is divided by 756.
730
Calculate the remainder when 246460 is divided by 246459.
1
Calculate the remainder when 1104591 is divided by 248.
247
What is the remainder when 1536095 is divided by 1503?
29
Calculate the remainder when 15670402 is divided by 319803.
55
What is the remainder when 19825512 is divided by 9912742?
28
Calculate the remainder when 3477013 is divided by 1606.
23
Calculate the remainder when 79853 is divided by 183.
65
What is the remainder when 1079323 is divided by 377?
349
What is the remainder when 2323684 is divided by 44?
0
Calculate the remainder when 3355991 is divided by 646.
21
What is the remainder when 2268751 is divided by 9375?
1
What is the remainder when 446310 is divided by 76?
38
What is the remainder when 517912 is divided by 64739?
0
Calculate the remainder when 8020466 is divided by 48316.
10
What is the remainder when 5536 is divided by 804?
712
Calculate the remainder when 123267 is divided by 8790.
207
What is the remainder when 1740423 is divided by 76?
23
Calculate the remainder when 19075768 is divided by 499.
495
What is the remainder when 2457169 is divided by 36674?
11
What is the remainder when 12402544 is divided by 19?
9
Calculate the remainder when 39980761 is divided by 436.
433
Calculate the remainder when 66662223 is divided by 387571.
11
Calculate the remainder when 1438643 is divided by 11702.
10999
Calculate the remainder when 428923 is divided by 539.
418
Calculate the remainder when 8678321 is divided by 1239753.
50
Calculate the remainder when 2825786 is divided by 1728.
506
Calculate the remainder when 87261 is divided by 1051.
28
What is the remainder when 1059429 is divided by 26485?
29
What is the remainder when 123998 is divided by 1487?
577
Calculate the remainder when 99818297 is divided by 16.
9
What is the remainder when 8762356 is divided by 11?
9
What is the remainder when 1159647 is divided by 378?
321
What is the remainder when 10375009 is divided by 34?
11
What is the remainder when 650588 is divided by 502?
498
Calculate the remainder when 458914 is divided by 2701.
2445
Calculate the remainder when 796879 is divided by 2.
1
What is the remainder when 18142506 is divided by 11?
8
What is the remainder when 7607738 is divided by 10?
8
What is the remainder when 5916638 is divided by 5689?
78
What is the remainder when 3751730 is divided by 193?
3
What is the remainder when 34962 is divided by 944?
34
What is the remainder when 1863982 is divided by 1782?
10
What is the remainder when 21764296 is divided by 322?
316
What is the remainder when 1636825 is divided by 105?
85
Calculate the remainder when 552079973 is divided by 28.
25
What is the remainder when 119142335 is divided by 89?
82
What is the remainder when 15416 is divided by 1541?
6
Calculate the remainder when 1019152 is divided by 254763.
100
Calculate the remainder when 23327414 is divided by 2514.
8
Calculate the remainder when 52873498 is divided by 140621.
2
What is the remainder when 44659283 is divided by 247?
201
Calculate the remainder when 2591674 is divided by 863867.
73
What is the remainder when 20665 is divided by 2568?
121
What is the remainder when 215093 is divided by 808?
165
What is the remainder when 905775 is divided by 16?
15
Calculate the remainder when 1761084 is divided by 6287.
724
Calculate the remainder when 27860 is divided by 488.
44
What is the remainder when 64809930 is divided by 44?
42
What is the remainder when 52785367 is divided by 1886?
1885
Calculate the remainder when 21040395 is divided by 956379.
57
What is the remainder when 3202050 is divided by 400248?
66
Calculate the remainder when 79783754 is divided by 70.
64
What is the remainder when 6751534 is divided by 9799?
23
What is the remainder when 10535588 is divided by 11220?
8
Calculate the remainder when 1698520 is divided by 10110.
40
What is the remainder when 83511981 is divided by 83511964?
17
Calculate the remainder when 170191 is divided by 42349.
795
Calculate the remainder when 280825 is divided by 7382.
309
Calculate the remainder when 2493465 is divided by 1097.
1081
Calculate the remainder when 8397554 is divided by 2572.
2546
What is the remainder when 1179276 is divided by 412?
132
Calculate the remainder when 277563 is divided by 2776.
2739
Calculate the remainder when 2258110 is divided by 752692.
34
Calculate the remainder when 4523565 is divided by 57.
45
Calculate the remainder when 344412 is divided by 31288.
244
Calculate the remainder when 53073813 is divided by 445.
443
What is the remainder when 1082151 is divided by 90084?
1143
What is the remainder when 2025236 is divided by 11843?
83
Calculate the remainder when 1374064 is divided by 171706.
416
Calculate the remainder when 71391953 is divided by 3657.
3656
Calculate the remainder when 2165476 is divided by 4251.
1717
Calculate the remainder when 37291297 is divided by 27.
4
Calculate the remainder when 2608774 is divided by 291.
250
What is the remainder when 23553202 is divided by 4400?
2
What is the remainder when 6983177 is divided by 1010?
37
What is the remainder when 13897756 is divided by 893?
890
What is the remainder when 2291343 is divided by 1764?
1671
Calculate the remainder when 5794227 is divided by 241426.
3
What is the remainder when 18108 is divided by 534?
486
Calculate the remainder when 7642110 is divided by 50610.
0
Calculate the remainder when 186642 is divided by 2227.
1801
What is the remainder when 236170 is divided by 74?
36
What is the remainder when 31318 is divided by 5930?
1668
Calculate the remainder when 19098438 is divided by 3150.
3138
Calculate the remainder when 25085338 is divided by 383.
370
What is the remainder when 1858727 is divided by 546?
143
What is the remainder when 556510 is divided by 890?
260
What is the remainder when 2061 is divided by 895?
271
What is the remainder when 12653062 is divided by 4217632?
166
Calculate the remainder when 1037832 is divided by 850.
832
What is the remainder when 274642 is divided by 4851?
2986
What is the remainder when 117971990 is divided by 257?
252
Calculate the remainder when 2566844 is divided by 74.
6
What is the remainder when 528864 is divided by 132186?
120
Calculate the remainder when 49736263 is divided by 13.
5
What is the remainder when 23281 is divided by 11605?
71
Calculate the remainder when 72069061 is divided by 2910.
1
What is the remainder when 2098231 is divided by 743?
742
What is the remainder when 29679007 is divided by 1424?
1423
What is the remaind